{"version":"1.0","provider_name":"Giulia Larigaldie","provider_url":"https:\/\/www.giulia-larigaldie.com\/en","author_name":"Giulia Larigaldie","author_url":"https:\/\/www.giulia-larigaldie.com\/en\/author\/giulia\/","title":"\u00a0Travailler avec des contraintes\u00a0: pour ou contre\u00a0? - Giulia Larigaldie","type":"rich","width":600,"height":338,"html":"<blockquote class=\"wp-embedded-content\" data-secret=\"8aI17LKYBU\"><a href=\"https:\/\/www.giulia-larigaldie.com\/en\/travailler-avec-des-contraintes-pour-ou-contre\/\">\u00a0Travailler avec des contraintes\u00a0: pour ou contre\u00a0?<\/a><\/blockquote><iframe sandbox=\"allow-scripts\" security=\"restricted\" src=\"https:\/\/www.giulia-larigaldie.com\/en\/travailler-avec-des-contraintes-pour-ou-contre\/embed\/#?secret=8aI17LKYBU\" width=\"600\" height=\"338\" title=\"&#8220;\u00a0Travailler avec des contraintes\u00a0: pour ou contre\u00a0?&#8221; &#8212; Giulia Larigaldie\" data-secret=\"8aI17LKYBU\" frameborder=\"0\" marginwidth=\"0\" marginheight=\"0\" scrolling=\"no\" class=\"wp-embedded-content\"><\/iframe><script type=\"text\/javascript\">\n\/* <![CDATA[ *\/\n\/*! This file is auto-generated *\/\n!function(d,l){\"use strict\";l.querySelector&&d.addEventListener&&\"undefined\"!=typeof URL&&(d.wp=d.wp||{},d.wp.receiveEmbedMessage||(d.wp.receiveEmbedMessage=function(e){var t=e.data;if((t||t.secret||t.message||t.value)&&!\/[^a-zA-Z0-9]\/.test(t.secret)){for(var s,r,n,a=l.querySelectorAll('iframe[data-secret=\"'+t.secret+'\"]'),o=l.querySelectorAll('blockquote[data-secret=\"'+t.secret+'\"]'),c=new RegExp(\"^https?:$\",\"i\"),i=0;i<o.length;i++)o[i].style.display=\"none\";for(i=0;i<a.length;i++)s=a[i],e.source===s.contentWindow&&(s.removeAttribute(\"style\"),\"height\"===t.message?(1e3<(r=parseInt(t.value,10))?r=1e3:~~r<200&&(r=200),s.height=r):\"link\"===t.message&&(r=new URL(s.getAttribute(\"src\")),n=new URL(t.value),c.test(n.protocol))&&n.host===r.host&&l.activeElement===s&&(d.top.location.href=t.value))}},d.addEventListener(\"message\",d.wp.receiveEmbedMessage,!1),l.addEventListener(\"DOMContentLoaded\",function(){for(var e,t,s=l.querySelectorAll(\"iframe.wp-embedded-content\"),r=0;r<s.length;r++)(t=(e=s[r]).getAttribute(\"data-secret\"))||(t=Math.random().toString(36).substring(2,12),e.src+=\"#?secret=\"+t,e.setAttribute(\"data-secret\",t)),e.contentWindow.postMessage({message:\"ready\",secret:t},\"*\")},!1)))}(window,document);\n\/* ]]> *\/\n<\/script>\n","thumbnail_url":"https:\/\/www.giulia-larigaldie.com\/wp-content\/uploads\/2024\/04\/Isabella-DSC_9637-1-scaled.jpg","thumbnail_width":1709,"thumbnail_height":2560,"description":"En ce qui me concerne, les contraintes (conditions climatiques, timing, arri\u00e8re-plan non contr\u00f4l\u00e9\u2026) ont plut\u00f4t tendance \u00e0 me stimuler. Cela permet de ne jamais s\u2019installer dans une routine bien huil\u00e9e. C\u2019est pourquoi je pr\u00e9f\u00e8re les photos en ext\u00e9rieur \u00e0 celles en studio. Ici, je devais faire un portrait pour des documents \u00e0 usage plut\u00f4t professionnel. Les contraintes&nbsp;: tr\u00e8s peu de temps, plut\u00f4t en int\u00e9rieur mais avec une partie de mon \u00e9quipement manquante\u2026 R\u00e9sultat\u00a0: les photos en int\u00e9rieur n\u2019\u00e9taient pas satisfaisantes. Que faire\u00a0? Heureusement, il y a eu un rayon de soleil (de tr\u00e8s courte dur\u00e9e)\u00a0: nous en avons profit\u00e9 pour nous installer dehors au plus vite (\u00e0 peine le temps d\u2019enfiler nos chaussures\u00a0!), trouver un fond convenable\u2026 et voil\u00e0\u00a0! Pour ce genre de photo, il est important de trouver les bons v\u00eatements et les bons accessoires\u00a0: qui sont en coh\u00e9rence avec la personne, qui la mettent en avant sans l\u2019\u00e9clipser. L\u2019essentiel ensuite, c\u2019est de capturer l\u2019essence du regard, miroir parfait de l\u2019\u00e2me. Alors, dites-moi, que lisez-vous dans ce regard-l\u00e0\u00a0?"}

En ce qui me concerne, les contraintes (conditions climatiques, timing, arrière-plan non contrôlé…) ont plutôt tendance à me stimuler. Cela permet de ne jamais s’installer dans une routine bien huilée. C’est pourquoi je préfère les photos en extérieur à celles en studio. Ici, je devais faire un portrait pour des documents à usage plutôt professionnel. Les contraintes&nbsp;: très peu de temps, plutôt en intérieur mais avec une partie de mon équipement manquante… Résultat : les photos en intérieur n’étaient pas satisfaisantes. Que faire ? Heureusement, il y a eu un rayon de soleil (de très courte durée) : nous en avons profité pour nous installer dehors au plus vite (à peine le temps d’enfiler nos chaussures !), trouver un fond convenable… et voilà ! Pour ce genre de photo, il est important de trouver les bons vêtements et les bons accessoires : qui sont en cohérence avec la personne, qui la mettent en avant sans l’éclipser. L’essentiel ensuite, c’est de capturer l’essence du regard, miroir parfait de l’âme. Alors, dites-moi, que lisez-vous dans ce regard-là ?
